ctors of y.
19
Let p(g) = -g**2 + 1. Let q be p(-1). Suppose q = 5*s + 4*r - 232 + 32, -49 = -s + r. List the prime factors of s.
2, 11
Suppose 0 = -l + 4*q + 75, -2*l + 130 = -0*l - 4*q. List the prime factors of l.
5, 11
Suppose 0 = 2*u - 3*r - 17, 3*r + 31 = 3*u - 2. List the prime factors of u.
2
Suppose 0 = -9*l + 2*l + 560. What are the prime factors of l?
2, 5
Let n = 18 + -15. What are the prime factors of n?
3
Let h(s) = -s - 3. Let q be h(-8). Suppose 44 + 71 = q*u. What are the prime factors of u?
23
Let i = -6 - -8. Suppose n + 4 - 3 = 0, i*x + 15 = -5*n. List the prime factors of (-12)/14*(x + -2).
2, 3
Let o be (-11)/(-3) + (-2)/3. Let n be 5/(o + -1 + -1). What are the prime factors of (9/5)/(1/n)?
3
Let z be -3 + -3 + (0 - 0). Let a = z + 9. Suppose -5*g - 5*t + 10 + 0 = 0, 5*t = a*g - 22. List the prime factors of g.
2
Let v(z) = z**3 + 4*z**2 - 4*z. Let w(x) = x**3 + 4*x**2 - 3*x + 1. Let l(s) = 3*v(s) - 2*w(s). Let r be l(-5). Suppose 2 = j - r. List the prime factors of j.
5
Suppose -5*h + 0*h = -x - 13, 6 = -3*h - 4*x. Let w be h + 1*-2 + 3. Suppose 5*d - 13 = -w. List the prime factors of d.
2
Let c(z) = z**3 + 4*z**2 - 3*z + 1. Let y be c(-3). Let v = y - 3. List the prime factors of v.
2
Let i(j) = 2*j - 12. Let u be i(9). Let w be (-26)/(-6) + 2/(-6). Suppose 3*a - 38 = 5*h, -w*a = -u*a - h + 21. What are the prime factors of a?
11
Suppose 5*h - 27 - 3 = 0. What are the prime factors of (-2)/h - (-52)/12?
2
Let s(n) = 3*n + 1. Let p be s(1). Let c(h) = p + 8*h - 8*h**2 - 2*h**3 + 1 + 3*h**3. List the prime factors of c(7).
2, 3
What are the prime factors of (5 - 7)/((-2)/51)?
3, 17
Let a(f) = -2*f**3 - 4*f**2 - f - 3. Let p be a(-3). Let h = p + -12. What are the prime factors of (6/4)/(h/8)?
2
Let c be (6/4 - 1)*12. Suppose -z = -c*z - 45. Let h(d) = -d + 2. List the prime factors of h(z).
11
Suppose 5*r - 52 = 48. Suppose -u + 11 = o, 3*o + 2*u - 8 = r. List the prime factors of o.
2, 3
Let v(p) = -p - 4 + 2 - p**3 + 3 + 4*p + 8*p**2. What are the prime factors of v(8)?
5
Suppose -1 = -0*k + k. Let z = 3 - k. List the prime factors of z.
2
Suppose 2*x = -0*x + 8, x + 268 = 4*n. Suppose 3*v + n = 7*v. List the prime factors of v.
17
Suppose 4*y = 12 + 16. List the prime factors of y.
7
Suppose -14 = -2*g - 4*n - 4, 3*g = -4*n + 23. Suppose -44 = -3*s + l, -l + g = 2*s - 23. What are the prime factors of s?
2
Suppose -2*n + 44 = -4*d, 94 = 5*n - 2*d - 8. What are the prime factors of (2/(-3))/(n/(-330))?
11
Suppose 0 = -4*i + 8 + 12. Let t = i + -3. Suppose -3*z + 20 = t*z. List the prime factors of z.
2
Let x = -13 - -15. Suppose x*p = -2 + 34. What are the prime factors of p?
2
Let z = -123 + 71. Let q = -30 - z. What are the prime factors of q?
2, 11
Let n(u) = 7*u - 6. Let h = -11 + 16. Suppose 4*m = 2*o - o + 21, -2*m + h*o = -33. What are the prime factors of n(m)?
2, 11
Let a = -151 + 287. Suppose -3*t - m = -6*m - a, 2*t + 5*m - 124 = 0. What are the prime factors of t?
2, 13
Let s(p) = 4*p**3 - 2*p**2 + 2*p - 1. What are the prime factors of s(1)?
3
Let v(g) = -42*g - 1. What are the prime factors of v(-1)?
41
Let n(u) = u**2 + 8. Suppose -3*g + 4*r + 12 = -6*g, 4*r = g - 12. What are the prime factors of n(g)?
2
Suppose 30 = 7*p - 26. Let o(z) be the second derivative of z**5/20 - 3*z**4/4 + 11*z**3/6 - 11*z**2/2 - z. List the prime factors of o(p).
13
Suppose -2*q - 45 = -4*y - 147, 5*q - 213 = -4*y. Let t = -28 + q. What are the prime factors of t?
17
Let n = 19 + 47. Let w = n + -23. What are the prime factors of w?
43
Let a = 250 + -131. What are the prime factors of a?
7, 17
Let i(m) = m**2 + 6*m + 6. Let x be i(-4). What are the prime factors of ((-3)/x - 3)*-26?
3, 13
Suppose 2*c = f + 356, 2*f + 3*f = -3*c + 560. List the prime factors of c.
2, 3, 5
Let y be 1/1 - 4/(-4). Suppose 3 = -y*c + 7. Suppose c*w = -t + 10, 0*t - t = -4*w + 8. What are the prime factors of t?
2
Let t = -3 - -5. Let p = 17 - t. List the prime factors of p.
3, 5
Suppose 5 + 40 = 3*h. What are the prime factors of h?
3, 5
Suppose 0 = -a + 5*a. Suppose x + a = -18. List the prime factors of ((-26)/6)/(6/x).
13
Suppose -3*h = -l + 2*l - 8, -l = -h. Suppose 0 = -4*m + 16, -5*m = l*y + 2*y - 64. List the prime factors of y.
11
Suppose 5*n + 1 + 19 = 0. Let r(q) = 2*q**2 + 6*q + 2. What are the prime factors of r(n)?
2, 5
Let r(w) = 18*w - 46. What are the prime factors of r(7)?
2, 5
Suppose 0 = -2*u - u + 30. Let p = 3 - 1. Suppose -p*c + u = -0*c. List the prime factors of c.
5
Let g = -10 - -17. List the prime factors of g.
7
Suppose 5*v + 6 = 2*v. Suppose -11*b = -2*b - 9. What are the prime factors of (v/3*-18)/b?
2, 3
Let r = -3 + 3. Suppose r = 4*d - 3*f + 63, 3*d - 2*d - 4*f = -32. Let p = 19 + d. List the prime factors of p.
7
Let s = 5 + 16. List the prime factors of (-4)/14 - (-69)/s.
3
Suppose 10 = t + 2*o, -3*o + 4 = -5*t + 28. Let v(p) = p**3 + 4 + 8*p - 2*p**2 - t + 12*p**2. What are the prime factors of v(-9)?
7
Let o = 73 - 36. What are the prime factors of o?
37
Let t = -11 + 31. What are the prime factors of t?
2, 5
Suppose 0 = 2*d + 2*d - 96. Suppose 2*v + 0*v = -d. Let x = -7 - v. What are the prime factors of x?
5
Let k(u) = -2*u**2 - 2*u + 2. Let o be k(-3). Let j = o - -18. What are the prime factors of j?
2
Let s = -5 + 10. Suppose s*t - 2*t = 0. Let l(n) = -n + 11. List the prime factors of l(t).
11
Suppose -f = 3*l - 7, -f - 1 = l - 0*l. Suppose l*d - 21 = -0*d - x, 5*d = 2*x + 36. What are the prime factors of d?
2, 3
Let o = 52 - 30. Let k be 10*7/2*1. Let f = k - o. List the prime factors of f.
13
Let y = 10 - 19. Let d be 2/y + (-245)/(-9). Suppose d = 3*q - k, -3*q - 5*k = -8 - 19. What are the prime factors of q?
3
Let j = 805 - 522. List the prime factors of j.
283
Suppose -2*n = -5*n - p + 116, -3*p = 3*n - 126. Let i = n - 20. Suppose i = v + 3. What are the prime factors of v?
2, 7
Suppose 5*u - 26 + 1 = 0. Suppose u*t = p + 50, 0 = -t + p + 5 + 1. List the prime factors of t.
11
Let h = 2 + 2. Suppose -s = h*s + 10. Let w = 14 - s. List the prime factors of w.
2
Let m = -1 + 4. Suppose -m*y + 73 - 19 = 0. What are the prime factors of y?
2, 3
Suppose -4*q + 7 = h + 1, 0 = -4*h + 3*q + 24. List the prime factors of h.
2, 3
Suppose 3*b + 2430 = 12*b. What are the prime factors of b?
2, 3, 5
Suppose 2*v = 7*v - 130. List the prime factors of v.
2, 13
Let g(l) = -l**3 + 9*l**2 + 10*l + 2. Let u be g(10). Suppose d = -0 + u. Suppose d = 4*k - 6. List the prime factors of k.
2
Let r be 27/(-3)*(0 + 1). Let k = -6 + r. What are the prime factors of (65/k)/(1/(-3))?
13
Suppose 4*a + 5*t - 2 = 124, 4*a - 142 = 3*t. List the prime factors of a.
2, 17
Suppose j - 350 = -2*j - 5*c, -2*j + 233 = 3*c. What are the prime factors of j?
5, 23
Suppose -15 = 5*v - 5*m, -2*m = -5*v - 5*m + 25. Suppose -v*j = 1 + 19. Let x = j + 25. List the prime factors of x.
3, 5
Let r = -22 + 56. What are the prime factors of r?
2, 17
Let v be 263/3 - (-6)/18. Suppose 4*l - 40 = v. What are the prime factors of l?
2
Let p(k) be the third derivative of k**6/120 - 7*k**5/60 + k**4/24 + 5*k**3/6 - 2*k**2. Let r(s) = s + 12. Let l be r(-5). List the prime factors of p(l).
2, 3
Let z(f) = 9*f - 32. What are the prime factors of z(26)?
2, 101
List the prime factors of 2/7 + 2 + 598/14.
3, 5
Let u = -4 + 3. Let m = u + 18. Suppose -2*n - 4*q + 7*q + m = 0, -n = 2*q + 2. What are the prime factors of n?
2
Let t be (9 + 4)/((-2)/10). What are the prime factors of t/2*(-12)/15?
2, 13
Suppose r - 2*r - k = -50, -5*k - 10 = 0. Suppose 59 = 3*i - r. What are the prime factors of i?
37
Let m(r) = -2*r**3 - 6*r**2 + r + 4. Let f be m(-4). Suppose 0 = 3*q - 27 + 84. Let z = q + f. List the prime factors of z.
13
Let w be (-1)/(-4) - 77/(-28). Let b = -6 + w. Let n(z) = z**3 + 4*z**2 - z + 1. What are the prime factors of n(b)?
13
Suppose 6 = 3*p - p. Suppose -2*g + g = 2*t - 35, p*t - 5*g - 33 = 0. List the prime factors of t.
2
Let p(d) = d**2 - 4*d - 8. Let f be (3 - 2)*8 + -1. Let w be p(f). What are the prime factors of w - (-2 - (-3 + -1))?
11
Let h(y) = 6*y - 11. Let r be h(8). Suppose -t = -5*n + r, -3*t - 3*n - 31 = -2*n. List the prime factors of 51/4 - 3/t.
13
Let p(l) be the first derivative of 2*l**2 + 3. What are the prime fact